n*a + o = -63, a + 4*o = -0*o + 9. List the prime factors of a.
29
Suppose -13*m = -36*m + 16997. What are the prime factors of m?
739
What are the prime factors of -51*(-4 - 30/(-9))?
2, 17
Let o(d) = -d**3 - 8*d**2 - 6*d - 2. Let l be o(-7). Let u(x) = x**2 + 4*x + 13 - 23 + 14. What are the prime factors of u(l)?
7
Suppose 5*r + 7*w - 3019 = 9*w, 4*w - 3037 = -5*r. List the prime factors of r.
5, 11
What are the prime factors of 6274 - ((-581)/249 - 62/(-6))?
2, 13, 241
Let k = -1 + 6. Suppose k*o - 35 = -245. Let h = o - -73. What are the prime factors of h?
31
Suppose 7*v = 6 + 8. Suppose 4*g = k + 2 + 2, -4*k + 26 = -v*g. What are the prime factors of k?
2
Let c(b) = 7*b**2 + 6*b + 346. What are the prime factors of c(26)?
2, 2617
Suppose -8*g = -3*g. Let s(p) = p + 25. List the prime factors of s(g).
5
Let p = -2255 - -3176. List the prime factors of p.
3, 307
Suppose -6*i = -5*i - 148. Suppose -k + i = k. What are the prime factors of k?
2, 37
Suppose -3*k - 3*l - 4 = -2*k, 4*l = -2*k - 8. Let y = k + 1. List the prime factors of (-129)/(-9) + (-2)/y.
3, 5
Let y(g) = g**3 - 5*g**2 - 10*g - 1. Let b(f) = 1 + 4 + 9*f - 1 + 3 + 8*f**2 - f**3. Let p be b(9). What are the prime factors of y(p)?
3
Suppose -470 = -7*v + 2*v. Suppose -t = -3*c + 412, 0 = -c - 4*t + 26 + v. What are the prime factors of c?
2, 17
Suppose -3*b + 0*b = -1128. Suppose 4*z + b = 8*z. Suppose -2*m = 20 - z. List the prime factors of m.
37
Let p(j) = 9*j**2 + j - 2. Let m = 13 + -12. What are the prime factors of p(m)?
2
Let m = -11 + -9. Let x be (3/4)/(5/m). List the prime factors of (x - -4 - 4) + 44.
41
List the prime factors of (-4)/(-5)*(-21 - -216).
2, 3, 13
Suppose -4*s + 34 = -10. Suppose 4*l - 25 = s. Let n = 20 - l. What are the prime factors of n?
11
Let r(i) = -5*i + 569. List the prime factors of r(0).
569
Let t(x) = x**2 + 75*x + 627. What are the prime factors of t(0)?
3, 11, 19
Let b(k) = k**3 - 6*k**2 + 6*k - 2. Let z = -15 - -6. Let l(x) = 4*x**3 - 24*x**2 + 24*x - 7. Let v(a) = z*b(a) + 2*l(a). List the prime factors of v(4).
2, 3
Let l = -4175 - -7595. List the prime factors of l.
2, 3, 5, 19
Suppose 2*l - 5 = l. Suppose -5*u - 15 = 3*n, -9*u - 15 = -n - 4*u. Suppose -l*q + 154 = -3*v - 10, 5*q - 2*v - 161 = n. List the prime factors of q.
31
Suppose 0*l + 2*l - 718 = -3*a, a = 4*l - 1408. What are the prime factors of l?
353
Let i be 4/18 - (-8)/(-36). Suppose 3*s + 27 = 5*b - i*s, 8 = -2*s. What are the prime factors of b?
3
Let r(c) = 35*c**2 - 5*c - 14. What are the prime factors of r(7)?
2, 7, 17
Suppose 0 = 6*a + 10*a - 9872. What are the prime factors of a?
617
Suppose 0 = -3*j + 2*f - 3*f - 22, 4*f - 47 = 3*j. Let s(l) = 2*l**2 + 8*l + 36. List the prime factors of s(j).
2, 3, 7
Let b(i) be the third derivative of i**4/8 - 21*i**2. Let f(m) = -m**2 + 7*m - 2. Let r be f(5). What are the prime factors of b(r)?
2, 3
Let d be 2/1*(-2)/(-2). Suppose 4*a - s = 13, -2 = d*a - s - 9. Suppose 2*r = a*r - 27. List the prime factors of r.
3
List the prime factors of 2505 + (80/(-8) - (-7 + 1)).
41, 61
What are the prime factors of 0 + -1 + 1341 + 6?
2, 673
Let r(x) = x**2 + 13*x + 2. Let o be r(-15). Let s(k) = -o*k + 69*k - 38*k + k**2 + 6. List the prime factors of s(6).
2, 3
Let k(w) = 17*w - 4. Let n be k(1). Suppose -h + n = -26. List the prime factors of h.
3, 13
Let a be -6*2/(-4) - 0. Suppose a*c = h + 284, 5*c + 181 = -3*h + 631. List the prime factors of c.
3, 31
Let o(a) = -3*a**3 - 20*a**2 + 9*a + 16. What are the prime factors of o(-9)?
2, 251
Let n be (-3)/3 - (-8)/2. Let k be n - (2 + -1) - -1. Suppose 3*z = 4*q + 20 + 50, k*z + 4*q = 62. What are the prime factors of z?
2, 11
Let d(c) = -c**3 - 16*c**2 + 3*c - 21. What are the prime factors of d(-19)?
3, 5, 67
Let p be 72/(-7) + 14/49. Let s = -5 - p. Suppose -s*c - 33 = -3*o + 23, 4*c = 2*o - 36. What are the prime factors of o?
2, 11
Let j(n) be the second derivative of 16*n**4/3 - n**3/3 + n**2/2 - 6*n. List the prime factors of j(1).
3, 7
Let b = 50 + -28. List the prime factors of 2835/77 - (-4)/b.
37
List the prime factors of (-86 + -1 + 3)*4/(-6).
2, 7
Suppose -3*d + 3*h + 7782 = 0, 3*d + 14*h - 7788 = 11*h. What are the prime factors of d?
3, 5, 173
Let s(w) = 11*w**3 - w**2 + w + 7. Let a(r) = 22*r**3 - 2*r**2 + 3*r + 15. Let k(b) = -4*a(b) + 9*s(b). List the prime factors of k(2).
3
Suppose -475 = -5*v - 2895. Let w = -330 - v. List the prime factors of w.
2, 7, 11
Let a = 16 + -10. Let d(i) = -i**2 + 7*i - 6. Let r be d(a). List the prime factors of (r + -18)*1/(-2).
3
Let s(i) = 22*i - 7. Let o be s(5). Suppose o + 219 = 7*j. What are the prime factors of j?
2, 23
Let m = -13 + 16. Let s(u) = -m*u**2 + 6*u**2 - 2*u**2 + 6*u + 0*u**2. List the prime factors of s(-7).
7
Suppose 0 = -4*v - 16, v - 2*v = 4*r - 8. Suppose w - 5*n = 178, 0*w - 3*n = r*w - 516. List the prime factors of w.
173
Suppose 6 = 2*d, -5*b + 13345 = 33*d - 28*d. What are the prime factors of b?
2, 31, 43
Suppose j + 160 = 5*d, 6 - 59 = -d - 4*j. What are the prime factors of 3 + 522/d + 6/33?
19
Let p(x) be the second derivative of -x**3/6 + 13*x**2/2 + x. Let a be p(9). Suppose 0 = 6*q - a*q - 50. List the prime factors of q.
5
Suppose -2*y = -2*z - 646 - 812, 3*y = 8*z + 2177. List the prime factors of y.
17, 43
Suppose -i + 2*i + 4 = 0, j + 6 = -2*i. Suppose 2 = -b + l, -j*l + 14 = b + 1. Suppose -b*m + 71 = 4*p, 3*m + 5*p = -17 + 87. What are the prime factors of m?
5
Suppose -2*h = d + 6, -3*d + 2*h = -0*h + 18. Let q be (-2)/3 + (-4)/d. Suppose q = 4*y - 5*y + 8. List the prime factors of y.
2
Let k(p) = -17*p + 29. Let o(n) = 9*n - 15. Let z(q) = 3*k(q) + 5*o(q). What are the prime factors of z(-6)?
2, 3
Let o(p) = -186*p**3 + p**2 - 7*p - 15. List the prime factors of o(-2).
3, 7, 71
Let f = -8 + 3. What are the prime factors of -5*(-2 - (-12)/f)?
2, 11
Let h be (-12)/(-7) - 30/(-105). Suppose 296 = h*t - t. List the prime factors of t.
2, 37
Let z(f) = 321*f**2 - 67*f - 202. List the prime factors of z(-3).
2, 19
Suppose -5*p + 4*k = -2*p - 71, 5*p + 4*k = 65. Let v = -2 + p. Suppose -12*f - 207 = -v*f. What are the prime factors of f?
3, 23
Let s(n) = -69*n - 205. What are the prime factors of s(-24)?
1451
Let f = -262 - -267. Let r = 10 - 6. Suppose -h - 84 = -f*n + 3*h, -r = 4*h. List the prime factors of n.
2
Let z(v) = 69*v - 1. What are the prime factors of z(46)?
19, 167
Suppose 7*t = 9*t - 2*w - 2246, 0 = -t - 4*w + 1113. List the prime factors of t.
19, 59
Suppose -3*c = -0*c - 39. Let n be 8/(-52) + 28/c. Suppose 0 = n*z + 3*z - 10. List the prime factors of z.
2
Suppose b = -x + 4*x - 6, 0 = -x - 5*b + 18. Suppose 3*l + x*u = 21 + 6, 3*u = 12. Suppose -123 = n - 4*n - l*c, 0 = 3*c. List the prime factors of n.
41
Let a be 243672/154 + 2/(-7). Suppose -15*y + 98 = -a. What are the prime factors of y?
2, 7
What are the prime factors of 3561/6 + ((-48)/8)/12?
593
Suppose -185*i = -189*i + 16. List the prime factors of i.
2
Suppose -13212 = -4*j + 4*t, 16*j - 17*j - 5*t = -3315. List the prime factors of j.
5, 661
Suppose 5*z + 52 = 2. Let x = 292 - 275. Let m = x + z. What are the prime factors of m?
7
Let u(m) = 5*m**3 + m + 32. List the prime factors of u(10).
2, 2521
Let u(v) = 5*v**3 - 2*v**3 + v**3 - 3*v**3 - 12. Let z be u(0). List the prime factors of (-1 - 0) + 16 + z.
3
Suppose 3*l - 5*r = 50, 4*l - 2*r + 2 = 92. Let a be (-10)/l + (-684)/(-10). Suppose -2*i + 0*x = -4*x - a, -5*i + 4*x = -146. List the prime factors of i.
2, 13
Suppose -946*f + 936*f + 15750 = 0. List the prime factors of f.
3, 5, 7
Suppose -n + 5*a = -1 + 12, -5*n - 15 = -5*a. Let y(b) = 4*b**2. Let o be y(n). Suppose 0 = -o*i + 26 + 50. What are the prime factors of i?
19
Suppose r + 3*b - 76 = 1353, -12 = 4*b. What are the prime factors of r?
2, 719
Let a = -1263 + 691. Let h be (-14)/(-63) + a/(-18). Let l = -1 + h. What are the prime factors of l?
31
Let o be (7 - 1) + (-3 - -2). Suppose -474 - 136 = -61*h. Suppose -3*b = -o*b + h. List the prime factors of b.
5
Let o be 84*(1/(-3))/(15/30). Let k = o - -58. What are the prime factors of k?
2
Suppose -11*k = -3146 - 7656. List the prime factors of k.
2, 491
Let k(f) = 16*f - 16. Let r(u) = 5*u - 5. Let m(p) = -3*k(p) + 10*r(p). Let a be m(2). Suppose